7, l = -3*g - 0*g + 63. What is the remainder when g is divided by 6?
2
Let p(s) = -s + 3. Let o be p(0). Calculate the remainder when 9 is divided by (2 - o)*3 - -7.
1
Let j(o) = o**2 + 5*o + 2. Let f be 5/(2*1/(-2)). Calculate the remainder when 2 is divided by j(f).
0
Let w(a) = -a**3 - 7*a**2 - a - 11. Calculate the remainder when w(-8) is divided by 16.
13
Let v(f) = f**2 - f + 1. Let g(s) = s - 3. Let c be g(5). Calculate the remainder when 9 is divided by v(c).
0
Suppose -v + 1 = -3. Suppose 9 = v*f - f. Suppose -2*r + 2*l - f*l = -96, -2*r + 2*l + 90 = 0. Calculate the remainder when r is divided by 16.
15
Let q(n) = -n**2 - 5*n - 5. Let y be q(-5). Calculate the remainder when (-63)/(-5) + (-2)/y is divided by (-66)/(-10) + (-4)/(-10).
6
Suppose -5*v + 4*o = -170, -4*v + 0*v - 2*o + 162 = 0. Suppose -d = -1, 4*x - 106 = -4*d - v. What is the remainder when ((-1)/(-2))/(2/184) is divided by x?
14
Suppose -k + 14 = v + 2*k, -4*k + 24 = 2*v. Suppose 4*b = v*b - 224. What is the remainder when b is divided by 19?
18
Let w(h) = 7*h + 15. Calculate the remainder when w(8) is divided by 18.
17
Let j(h) = -h**3 - 17*h**2 + 19*h + 23. What is the remainder when 22 is divided by j(-18)?
2
Suppose -d + 3*d = 0. Suppose -o + 1 + 1 = d. What is the remainder when 7 is divided by o?
1
Let c = -15 + 70. Let o = c + -39. What is the remainder when o is divided by 6?
4
Let i = 89 - 36. Calculate the remainder when i is divided by 28.
25
Let v(j) = -j**3 - 6*j**2 - 7*j - 5. Let i be v(-5). Suppose 2*s = 3*r - 15, 0 = -2*s + i*s. What is the remainder when 14 is divided by r?
4
Suppose -5*l + 15 = -3*a, -l - 2*a - 10 = 3*l. What is the remainder when 61 is divided by 11 + 5 + (l - 0)?
13
Let m(h) = 6*h**2 + 3*h - 4. Calculate the remainder when m(-3) is divided by 14.
13
Let u be 0*2/6*1. Suppose u = n - 23 - 18. Suppose -4*s = -2*d + 40, 0 = d + 3*s + 2*s + 1. What is the remainder when n is divided by d?
13
Suppose 4*l = 5*i + 151, 0*l = 2*l - 2*i - 74. Let v = 12 - -25. Let t = v + -19. Calculate the remainder when l is divided by t.
16
Let h(v) = -5*v**3 - v - 5. Let k be h(-5). What is the remainder when 6/8 + k/20 is divided by 17?
15
Suppose 0 = -5*a + 13 + 17. What is the remainder when 11 is divided by a?
5
Let c(n) = -n**2 - 10*n - 13. Let z(s) = -s**2 - 10*s - 12. Let t(o) = 4*c(o) - 3*z(o). Calculate the remainder when t(-7) is divided by 2.
1
Let h(y) = -y + 5. Let i be h(3). Let j(x) = -x**3 - 1 - 1 - 5*x + 4*x**2 + i*x**2. Calculate the remainder when j(4) is divided by 6.
4
Let k(v) = -16*v + 11. Let w(r) = -15*r + 11. Let i(b) = 6*k(b) - 7*w(b). Calculate the remainder when i(7) is divided by 11.
8
Let g(w) = w**2 - 7*w - 3. Let u be g(8). Suppose -u*h + 6 + 54 = 0. Calculate the remainder when 33 is divided by h.
9
Suppose 0 = -q + 29 + 44. Let l(s) = 19*s**2 + s + 1. Calculate the remainder when q is divided by l(-1).
16
Suppose 0*h = -4*n - 5*h + 44, 3*h - 12 = 0. Suppose k + 3*z - 26 = 0, 2*z = -4*k + 29 + 25. Calculate the remainder when k is divided by n.
5
Let t be (-24)/(-18)*(-3)/(-2). Let g(r) = r**3 - r**2 - 3*r + 3. What is the remainder when -35*3/(-6)*t is divided by g(3)?
11
Let j(t) = -12*t + 1. Let z(b) = -4*b + 7. Calculate the remainder when j(-6) is divided by z(-3).
16
Let y(i) = i**3 + 10*i**2 - 11*i + 3. What is the remainder when y(-11) is divided by 2?
1
Let f = 5 + -1. Suppose 0 = -3*q - f*t + 10, q = -2*t - 0*t. What is the remainder when 18 is divided by q?
8
Let v = -1 - -3. Let m(w) = w - 1. Let i be m(v). Let x = 6 - i. Calculate the remainder when x is divided by 3.
2
Let u(c) = -2*c + 42. Calculate the remainder when u(8) is divided by 14.
12
Suppose -5*o + 7 = 2*l + 30, -2*o + l = 2. Let j = -5 - o. Calculate the remainder when 7 is divided by (2/(-5))/(j/10).
1
Let r(m) = -3*m**3 + 3*m**2 + 2*m - 1. Let f be r(-2). Let y = f - 5. Let c(i) = i**2 + 6*i + 2. Calculate the remainder when y is divided by c(-7).
8
Suppose -2*b + 6 = w - 0*w, -w - 4*b = -4. Calculate the remainder when w is divided by 1*8 - 12/8*2.
3
Suppose 83 = 4*i + 15. What is the remainder when 48 is divided by i?
14
Let l(c) = c**2 + 4*c - 4. Let u = -5 + 8. Calculate the remainder when l(-7) is divided by -2*6/(-4)*u.
8
Calculate the remainder when 23 is divided by 16/3 - (-5)/(-15).
3
Let q = 101 - 37. What is the remainder when q is divided by 11?
9
Let r(q) = -q**2 + 13. What is the remainder when 35 is divided by r(0)?
9
Let q(z) = -39*z. Let o be q(-3). Suppose -2*f = f - o. Let j = 74 - f. What is the remainder when j is divided by 12?
11
Calculate the remainder when 12 is divided by (14/(-10))/(-1)*5.
5
Let p = -43 - -101. Suppose -4*j + 6 = -p. What is the remainder when 30 is divided by j?
14
Let z be -8 + (-4)/(-2) + 0. Let l be (104/(-10))/(z/15). Let v = 19 + l. What is the remainder when v is divided by 23?
22
Let s = -148 + 168. What is the remainder when (-1 + 3)/((-2)/(-59)) is divided by s?
19
What is the remainder when 205/10 - 3/2 is divided by 10?
9
Let g(p) = p**2 + 10*p. Let s be g(-10). Suppose -6*o + 4*o + 14 = s. What is the remainder when 11 is divided by o?
4
Calculate the remainder when (-2 - -150)*15/10 is divided by 32.
30
Let c = 5 - 2. Let s = c + 38. Calculate the remainder when s is divided by 11.
8
Let r(w) = -2*w**3 + 0*w - 3*w**2 + 9*w**2 + w**3 - 4*w - 2. What is the remainder when 26 is divided by r(4)?
12
Suppose -3*j = -0 - 9. Suppose 15 + 15 = j*m. Calculate the remainder when 29 is divided by m.
9
Suppose 3*s + 28 = 5*d, -2*d + 16 = 2*d - 4*s. Let p = 32 + -11. Calculate the remainder when p is divided by d.
5
What is the remainder when 1/((-27)/(-2490)) - 2/9 is divided by 24?
20
Suppose 2*v + v - 54 = 0. Let a = 4 - 5. Let s(u) = 11*u**2 + u. Calculate the remainder when v is divided by s(a).
8
Suppose 11*c = 10*c + 9. Suppose 0 = 5*u, s - c = u + 1. Calculate the remainder when 47 is divided by s.
7
Suppose 3*q - 93 = 3. What is the remainder when q is divided by 11?
10
Let d = 4 - -11. Calculate the remainder when d is divided by 2.
1
Suppose -n - 4*n = -365. Suppose 0 = -2*m - 5*u + 60, -3*u + 131 = 2*m + 3*m. What is the remainder when n is divided by m?
23
Let p be -1 - ((1 - 5) + -2). Suppose h - p = -0*h. Calculate the remainder when 17 is divided by h.
2
Suppose 3*z = 44 + 1. Suppose 4*l - 32 = -p + 28, -z = -l - 3*p. Calculate the remainder when 29 is divided by l.
14
Let f(n) be the first derivative of -n**2 - 10*n + 43. Suppose -7 = -0*i + i. Calculate the remainder when 14 is divided by f(i).
2
Suppose 2*c - 222 = -c. What is the remainder when c is divided by 25?
24
Suppose -4*c + 3 = -9. Suppose -c = -0*u - u. Calculate the remainder when 6 is divided by u.
0
Let m = 77 - 75. Calculate the remainder when m is divided by 1.
0
What is the remainder when 27 is divided by (0/(-4))/(-1) + 7?
6
Let r(g) = -g + 13. Let l(o) = o**2 + 2*o - 7. Let w(u) = -3*u**2 - 5*u + 20. Let b(m) = -8*l(m) - 3*w(m). What is the remainder when r(-9) is divided by b(4)?
6
Let z(p) = -3*p + 3. Calculate the remainder when 10 is divided by z(-1).
4
Suppose 3*f + 2*w = 14 + 3, -3 = -f - 2*w. Suppose 0 = f*x - 2*x - 25. Suppose 5 = 2*p + 2*n - 13, n + 63 = x*p. What is the remainder when 34 is divided by p?
10
Let d(s) = -2*s - 4. What is the remainder when 24/18 - (32/(-3) + -3) is divided by d(-4)?
3
Suppose -h + 1 = -1. Let j = -18 + 23. Calculate the remainder when j is divided by h.
1
Suppose -5*t + 2 + 23 = 0. Suppose -1 = -t*g + 24. Let l(z) = 2*z + 3. Calculate the remainder when l(3) is divided by g.
4
Let g = 28 + 1. Calculate the remainder when g is divided by 11.
7
Let z(u) = u**2 - 3*u + 2. Let o be z(3). Let b be 25*2 + -2 + o. Suppose 0 = -0*k - 5*k + b. Calculate the remainder when k is divided by 6.
4
Suppose 6 - 3 = m, 3*w - 30 = -5*m. Let t be 45/2*(-8)/(-3). Suppose -20 = w*f - t. What is the remainder when f is divided by 3?
2
Let l be (-1)/1 - 3/(-1). Suppose s - l = -s. Calculate the remainder when 1 is divided by s.
0
Let b(o) = -o**3 - 15*o**2 - 2*o - 20. Suppose -5*t + 3*c = -104, 5*t + 0*t + 2*c = 89. What is the remainder when t is divided by b(-15)?
9
Suppose 0 = -21*g + 16*g + 55. What is the remainder when 32 is divided by g?
10
Suppose -6 = -6*p - 0. What is the remain